 remainder when 44 is divided by i?
14
Let p = -550 + 554. What is the remainder when 9 is divided by p?
1
Suppose -4*f = -5*m - 93 + 241, 3*m = 2*f + 76. Let a = f - -35. Suppose -5*v + 416 = a*v. What is the remainder when v is divided by 14?
10
Suppose 2*r + 33 = -2*b + 7*b, 4*b = -5*r. Let g(c) = -6*c. Calculate the remainder when 424/20*b/2 is divided by g(-3).
17
Suppose -4*g = -4*m - 588, -10*m = -g - 8*m + 146. What is the remainder when g is divided by 65?
18
Suppose 0 = -132*f + 125*f + 693. Calculate the remainder when 205 is divided by f.
7
Suppose x - 9 = 4*m - 5, 0 = 4*m - 4. What is the remainder when 84 is divided by x?
4
Suppose 26 = 2*u - 4*n, n + 23 = 5*u - 51. Suppose 4*o + 3*c - 4 - 7 = 0, -5*c - u = 0. What is the remainder when 7 is divided by o?
2
Suppose 0 = 13*h - 11*h + 4*w - 240, -3*h = -3*w - 351. Calculate the remainder when h is divided by 24.
22
Suppose -a - 66 = -3*a. Let z(f) = 146*f + 299. What is the remainder when a is divided by z(-2)?
5
Let r = -1696 - -1735. What is the remainder when r is divided by 20?
19
Let w(r) = 6*r**3 - 2*r**2 + 1. Let z(g) = -27*g + 386. Calculate the remainder when z(14) is divided by w(1).
3
Suppose -2*j - 12 = 2*m, -4*j + 4*m - 30 = j. Calculate the remainder when 46 is divided by 72/(-6)*8/j.
14
Suppose -5*s + 0*s + 5*k + 1370 = 0, 0 = -3*k. Calculate the remainder when 26 is divided by s/18 + -2*2/18.
11
Suppose 2482 = 3*z + 4*i - 93, -841 = -z + 3*i. What is the remainder when z is divided by 61?
60
Let d = -163 + 191. Calculate the remainder when 77 is divided by d.
21
Let m(t) = t**2 - 5*t - 3. Let x(i) = 41*i**2 - 2*i - 1. Let c = -1 - 0. What is the remainder when x(c) is divided by m(-2)?
9
Calculate the remainder when 18/12 - (-7 + 3036/(-8)) is divided by 17.
14
Let a = 50 + -30. Suppose -y - 5*g = -4, -3*g = 3*y - a + 8. What is the remainder when y is divided by -1 - (9 + -6)*(-1)/1?
0
Let x = -99 + 97. Calculate the remainder when 15 is divided by (x*2)/(13/(-26)).
7
Calculate the remainder when (30/(-12))/(-5) - (-489)/6 is divided by 68.
14
Let j = 40 - 17. Calculate the remainder when 3494 is divided by j.
21
Let f = -42 - -83. Suppose -2 - 14 = -4*j. Let a = 10 + j. Calculate the remainder when f is divided by a.
13
Let o(c) = -c**3 + 3*c**2 + 5*c - 2. Suppose -39*q + 60 = -36*q. Calculate the remainder when q is divided by o(3).
7
Let c(g) = -g**3 - 4*g**2 + 11*g + 3. Let n(u) = -u**3 + 7*u**2 - 3*u + 6. What is the remainder when n(6) is divided by c(-6)?
6
Let g(z) = z**3 - 2*z**2 + 2*z + 2. Suppose 140 = 6*a - a. What is the remainder when g(2) is divided by a/(-49)*(-14)/4?
0
Let t = 1020 + -703. What is the remainder when t is divided by 47?
35
Let q(c) = -c + 14. Suppose 4 = -3*a + 5*z, 3*z - 4 = -3*a + 4*z. Suppose a*u + 2*t = 28, -2*u = u + 2*t - 40. What is the remainder when 2 is divided by q(u)?
0
Let y = -9 + 10. Suppose -y - 4 = -4*a + 5*i, -i - 1 = -2*a. Suppose 3*u = -3*g + 15, 3*g - 3*u - 15 = -a. Calculate the remainder when 8 is divided by g.
3
Let k = -11 - -14. Let s be 3 + -2 + 1 + k. Suppose -6 + 1 = -3*n - s*z, -2*z = -n + 20. Calculate the remainder when n is divided by 4.
2
Suppose 0 = -4*z + 7*z. Suppose 0 = -z*k - k + 10. Let w = 10 + k. What is the remainder when 35 is divided by w?
15
Suppose -3*k + 4*p = -343, -10*k + 9*k + 3*p = -106. What is the remainder when k is divided by 83?
38
Let h be (-1 - 0)/((-3)/18). Suppose -h = -b + 19. What is the remainder when b is divided by 16 - (14 + -5)*1?
4
Let b(j) = 2*j - 8. Let i be b(5). Let q(t) = -17*t - 7. Let l be q(-2). What is the remainder when 52 is divided by i/(-9) + 735/l?
25
Let z(s) = -20*s + 423. Calculate the remainder when z(-13) is divided by 114.
113
Let d = 19 - 29. Let m = -4 - d. Calculate the remainder when 12 is divided by m.
0
Let y(j) = 49*j - 2. Let b be y(-1). Let v = -40 - b. Suppose -3*k = -5*k + 40. Calculate the remainder when k is divided by v.
9
Let j(d) = d**2 - 5*d - 16. Let a be j(16). Suppose -f = 5*p - 224, -4*p + a = -0*p - 4*f. Calculate the remainder when p is divided by 13.
5
Let k = 19 + -10. Let l = k + -3. Suppose 59 = 4*g + 5*i - 13, -i = -2*g + 50. What is the remainder when g is divided by l?
5
Let a = 129 + 20. What is the remainder when a is divided by 19?
16
Calculate the remainder when 189 is divided by (8 + -5)*50/15.
9
Suppose 5*l + 4*l - 18 = 0. Calculate the remainder when 68 is divided by 24/15*25/l.
8
Let u be -3*3/(18/32). Let y = u + 219. Calculate the remainder when y is divided by 17.
16
Let f = 78 - 21. Suppose -12 = 53*g - f*g. Calculate the remainder when 5 is divided by g.
2
Let u(f) = 46*f + 8. Let m be u(1). Suppose -57*n = -m*n - 9. What is the remainder when 4 is divided by n?
1
Suppose 2*g - 21 = -3*g - m, 5*g - 4*m = 16. Suppose -g*b = 6 - 22. Calculate the remainder when 19 is divided by b.
3
Let y = -119 + 139. Calculate the remainder when 77 is divided by y.
17
Suppose -7 = 2*l - l. Let o(t) = t**3 + 8*t**2 + 7*t + 10. What is the remainder when 27 is divided by o(l)?
7
Suppose 2*s + 164 = -2*c + 4*c, c + 4*s = 57. What is the remainder when c is divided by 15?
2
Let n(a) = a**2 - 11*a - 18. Let m(d) = 11*d**2. Let f be m(1). Let y = 2 + f. Calculate the remainder when n(y) is divided by 3.
2
Suppose 4*n + 17 = b - 0*b, -4*n - 5 = -5*b. Calculate the remainder when (-3 + 5 + b)*-53 is divided by 8.
5
Suppose 5 + 4 = 3*w. Let u = -1 + w. What is the remainder when u is divided by 1?
0
Let g be (-1044)/(-16) - (1/4)/1. Suppose -n + 2*v + 0*v = -g, -5*n - 4*v = -311. Calculate the remainder when n is divided by 11.
8
Let a = 25 - 17. Calculate the remainder when 46 is divided by a.
6
Suppose 4*v + 9 = 21. Suppose -v*x + 105 + 162 = 0. Calculate the remainder when x is divided by 31.
27
Let l = 51 + -46. Suppose -l = b - 5*d, -39 + 129 = 5*b - 2*d. What is the remainder when 73 is divided by b?
13
Suppose -3*q - 16 = -3*i - 52, -4*i = q + 8. What is the remainder when 16 is divided by q?
0
Suppose -38*g + 19*g = -437. Let f = -7 - -4. What is the remainder when 45*2 + 3 + f is divided by g?
21
Let i(y) = 2*y - 25. Calculate the remainder when 151 is divided by i(22).
18
Let q = -3 - 0. Calculate the remainder when 92 is divided by (-1)/(q/282)*(-1)/(-2).
45
Suppose 5*i = 53 + 267. Calculate the remainder when i is divided by 41.
23
Let k(y) = 0*y**2 - 2*y**2 - 8*y**2. Let o be k(1). Calculate the remainder when 71 is divided by ((-32)/6)/(o/45).
23
Suppose 0*t + 5*n + 21 = t, 3*t - 2*n = 37. Let r = -10 + 14. Let g(s) = s**3 - 4*s**2 + 3. What is the remainder when t is divided by g(r)?
2
Suppose -1581 = -7*w - 24*w. What is the remainder when 404 is divided by w?
47
Calculate the remainder when (714/(-28))/((-6)/16) is divided by 8.
4
Calculate the remainder when 126 is divided by 161/10 + (-6)/60.
14
Let b(r) = r**3 + 7*r**2 - 9*r - 18. Calculate the remainder when 196 is divided by b(-4).
64
Suppose 2*g - 166 + 86 = 0. What is the remainder when 239 is divided by g?
39
Let j(y) = 7*y - 33. Suppose 2*b + 2*b = 16. Calculate the remainder when j(6) is divided by b.
1
Let v = 4 - -8. Let h = v + 3. Let n(c) = c - 1. Calculate the remainder when h is divided by n(7).
3
Let q(x) be the second derivative of -x**4/12 - 4*x**3/3 - 7*x**2/2 - 2*x. What is the remainder when 13 is divided by q(-3)?
5
Suppose 2 = -3*u + 8. Suppose p - 44 = 3*h, u*p - 57 = -h + 24. What is the remainder when p is divided by 11?
8
Suppose 20*a - 1220 - 700 = 0. Calculate the remainder when a is divided by 51.
45
Suppose 4 + 8 = 4*l. Suppose 4*n = c - 100, -n = -l*n + 2. Calculate the remainder when c is divided by 21.
20
Suppose -2*b + 0*b + 28 = 0. Let s = -25 - 110. Let h = 216 + s. What is the remainder when h is divided by b?
11
Suppose -3*m + 330 + 111 = 0. What is the remainder when m is divided by (((-108)/(-60))/(-1))/(3/(-50))?
27
Suppose -4*c + 128 = 2*q, 0*c - q = -3*c + 96. Let w = -163 + 181. What is the remainder when c is divided by w?
14
Let h = 89 + -65. What is the remainder when 69 is divided by h?
21
Let t(a) = -7*a + 132. Calculate the remainder when t(9) is divided by (-1)/(-1) - (-24 - -1).
21
Let h(f) = 3*f**3 + 2*f**2 - 2*f - 1. Suppose 238 = 3*w + 5*v, 4*w + 5*v + 27 = 341. Calculate the remainder when w is divid